ghest common factor of z and 34?
34
Suppose 5*b + 4*q = 244, 0*q + 5*q - 5 = 0. Calculate the greatest common factor of 6 and b.
6
Let n = 68 + -42. Suppose 0 = -p - 4*o + n + 66, -3*p = -4*o - 196. Let i be (-1)/4 - (-74)/8. Calculate the highest common factor of p and i.
9
Let s = 111 - 29. Let u(p) = p**2 + 9*p - 15. Let m be u(11). Calculate the greatest common divisor of m and s.
41
Suppose 3*h - 39 - 24 = 0. Let i be (-158)/(-14) + (-6)/h. Calculate the highest common divisor of 33 and i.
11
Let k be -69 + (1 + -3 - 2). Let l = k + 79. Let v be 93/3 - 1/1. Calculate the greatest common factor of v and l.
6
Let u = -1 - 0. Let g be u/(8/3 + -3). Suppose 0 = -g*d + 8*d - 10. Calculate the greatest common factor of 2 and d.
2
Let y = -108 + 155. Let m be (-2 - y)/(6/(-24)). Calculate the greatest common factor of 28 and m.
28
Let i(d) = 2*d + 14. Let o be i(-7). Suppose -30 = -3*u + x, 0*u + 4*u - 3*x - 40 = o. What is the highest common factor of u and 10?
10
Let l = 349 + 132. What is the greatest common factor of 37 and l?
37
Let t(m) be the second derivative of 13*m**3/3 - 3*m**2/2 - 11*m. Let w be t(7). Suppose 2*f - w = 241. What is the greatest common factor of f and 42?
42
Suppose 0 = 30*u - 43*u + 91. What is the highest common divisor of u and 63?
7
Let o be (-1 + -2 + 67/1)/1. Calculate the highest common factor of 112 and o.
16
Suppose 0 = 2*n + 5*a - 65, -3*a + 53 + 42 = 4*n. Calculate the greatest common divisor of n and 80.
20
Suppose 2*l - 9*l + 42 = 0. Let f = 0 - 0. Let o be (1*-2 - f) + 44. Calculate the greatest common factor of o and l.
6
Let c(b) = b + 4*b**2 + 0*b - b**2. Let q be c(1). Suppose 156 = 5*i - 4*d, -11 - 19 = -i + 2*d. Calculate the greatest common divisor of i and q.
4
Let v = 33 - 8. Let q = v + -11. Calculate the highest common factor of 14 and q.
14
Suppose 0 = 10*r - 14*r + 16. Suppose -n - 3 = -r*n. Calculate the greatest common factor of 5 and n.
1
Let m = -89 - -125. Suppose 0 = 31*h - 34*h + 12. Suppose -5*l - h*d + 0*d = -49, -2*l + 20 = 2*d. Calculate the highest common divisor of m and l.
9
Suppose 2*g = g + 3. Let d be (-2 - (-10)/3)/((-14)/(-84)). Suppose d*a + 65 = 5*k + g*a, k = -3*a - 3. What is the highest common divisor of 27 and k?
9
Suppose -3*x - 387 = -43*s + 42*s, -1918 = -5*s - 2*x. What is the highest common factor of s and 216?
24
Let k = 319 - 300. What is the greatest common divisor of 1349 and k?
19
Let x(w) = w**3 - 5*w**2 + w + 7. Let n be x(4). Let y be (-7)/(-35) + (-9)/n. Suppose i = -y*i + 24. Calculate the greatest common factor of i and 32.
8
Suppose -485 - 109 = -9*w. Let v be 11*(1 - (2 + -2)). What is the highest common factor of w and v?
11
Let r(y) be the first derivative of y**2/2 - 9*y - 16. Let o be r(15). Calculate the highest common divisor of 4 and o.
2
Let v(l) = l**2 + 11*l + 21. Let b be v(-8). Let k be (-125)/b - (-8)/(-12). Calculate the highest common divisor of 82 and k.
41
Suppose -4*x - 3*m = -644, -x - 4*m = -0*m - 161. What is the greatest common divisor of 14 and x?
7
Let d = 36 + 99. Let u = d - 108. What is the highest common divisor of u and 1?
1
Let a = -45 + 47. Suppose -a*v + 42 = -0*v. Calculate the greatest common divisor of 3 and v.
3
Let f(r) = -r**3 + r**2 + 1. Let m(j) = -2*j**3 - 5*j**2 - 2*j + 1. Let x(l) = -3*f(l) - m(l). Let c be x(2). What is the highest common divisor of c and 16?
16
Let n be -5 - (-3 - (-55)/(-5)). Suppose 8*w = 5*w + 18. What is the greatest common factor of n and w?
3
Let f = -37 + 24. Let d(t) = 3*t**2 - 2*t + 1. Let u be d(-2). Let x = u + f. What is the highest common factor of x and 4?
4
Let c = -144 + 150. Let b be c + 5 + 30/(-5). Calculate the highest common factor of b and 40.
5
Let c(q) = -15*q + 8. Let s(x) = 8*x - 4. Let g(w) = -3*c(w) - 5*s(w). Let r be g(5). What is the greatest common factor of r and 3?
3
Let v(p) be the first derivative of -p**4/4 + 5*p**3 + 21*p**2/2 - 25*p + 27. Let f be v(16). Calculate the highest common factor of 11 and f.
11
Let q(z) = z**3 - 8*z**2 - 7*z + 6. Let g be q(9). Suppose 123 = 6*o + 87. Calculate the highest common divisor of g and o.
6
Let x be (-2)/(-12) + 5291/222. What is the greatest common divisor of 88 and x?
8
Let r = -19 + 28. Calculate the greatest common factor of r and 171.
9
Suppose -52*a + 21*a = -248. Calculate the highest common divisor of 76 and a.
4
Suppose 0 = 2*c + 3*a - 26, 8*c - 3*a + 10 = 9*c. Calculate the highest common divisor of c and 656.
16
Let w be 150*((-32)/5)/(-8). Calculate the greatest common factor of w and 312.
24
Suppose 65 + 3 = 4*a. What is the greatest common factor of a and 1513?
17
Suppose -23*v + 259 = 98. Let x be -5*(104/(-20) + 1). What is the highest common factor of v and x?
7
Let g = -481 - -551. Calculate the highest common divisor of g and 105.
35
Let c(m) = -m - 7. Let d be c(-11). Suppose 0 = 3*z + 2*i - 34 + 2, -d*i = 2*z - 32. Calculate the highest common divisor of z and 40.
8
Let o = -23 - 2. Let s = 33 + o. What is the highest common factor of 64 and s?
8
Let w(s) = -s - 5. Let n be w(-4). Let h be 4 - (-3)/((-3)/n). What is the highest common divisor of h and 20?
5
Let z(h) = 28*h - 25. Let l be z(15). What is the highest common factor of 5 and l?
5
Suppose n = 4*l - 6, -l - 2 - 4 = -4*n. Suppose -10 = 5*t - 5. Let v be (-24)/t - (1 - (-5)/5). What is the greatest common divisor of l and v?
2
Suppose -2*s - 4*a = -20, 88 - 83 = 5*a. Calculate the highest common divisor of 144 and s.
8
Let r be (-54)/(2 - 21/9). What is the highest common divisor of 90 and r?
18
Let w = 24 + 10. Suppose q = 5*g + w, 3*q - 4*g + 2 = 60. What is the highest common divisor of q and 56?
14
Suppose -14 + 4 = -c. Let l(y) = -22 + 91 + 41 - y**2 + y. Let z be l(0). Calculate the highest common factor of c and z.
10
Let j(h) = 6*h + 65*h**2 + 6*h - 13*h + 2*h. Suppose 2*d + 4*o + 1 - 3 = 0, 2*d + o - 2 = 0. Let g be j(d). What is the greatest common factor of g and 6?
6
Suppose 0*o = o - 2, r - 111 = 2*o. Suppose -96 = -4*a - 2*u, 0 = 4*u + 144 - 152. Calculate the highest common divisor of r and a.
23
Let v be 138/207 + -4*(-1018)/12. What is the greatest common factor of 136 and v?
68
Suppose 4*j = 28*j - 144. What is the greatest common factor of j and 9?
3
Let a = -146 - -213. Suppose 84 = a*l - 61*l. Let v be ((-2)/5)/((-3)/15). Calculate the highest common factor of l and v.
2
Let c(n) = 3*n**2 + 2*n + 7. Let h be c(-6). Let u = -83 + h. Calculate the highest common divisor of 140 and u.
20
Let b be 4 - (-2)/(1*(3 + -4)). Suppose 0 = -5*x - b*x + 210. Suppose 3*w - 18 = 42. What is the highest common factor of x and w?
10
Let u be 103 - (-4 + -2 + 4). Let y(o) = 2*o**2 - 22*o + 35. Let h be y(11). What is the greatest common divisor of u and h?
35
Let u(z) = 7*z - 206. Let r be u(33). What is the highest common factor of 525 and r?
25
Let p(b) = 2*b**3 + 16*b**2 + 22*b + 2. Let r be p(-6). What is the greatest common divisor of r and 1932?
14
Let z = 428 - 282. Let h = -136 + z. Let y = 362 - 252. Calculate the greatest common divisor of h and y.
10
Suppose 0 = 4*f - 5*a - 2348, -3*a - 1764 = -10*f + 7*f. Calculate the highest common factor of f and 16.
16
Let b(f) = 130*f - 76. Let u be b(4). Calculate the greatest common factor of u and 36.
12
Let q be (-5 + 4)/((-3)/(-2 + 14)). Suppose q*a = a - 3*z + 180, 3*a - 2*z = 160. What is the greatest common factor of a and 7?
7
Suppose 4*d - m - 180 = 0, -5*m + 11 = 31. What is the greatest common factor of 572 and d?
44
Let t(k) = 71*k - 4. Let y = 0 + 4. Let q be t(y). Let g = q - 163. Calculate the greatest common divisor of 13 and g.
13
Let r(u) = u**3 - 12*u**2 - u + 22. Let l be r(12). Calculate the highest common divisor of l and 10.
10
Let w = -1021 + 1049. What is the greatest common divisor of w and 24?
4
Let l = 687 + -407. Calculate the greatest common divisor of 504 and l.
56
Let z be (60/40)/(12/22)*4. Suppose s - z*s = -810. Calculate the greatest common divisor of 9 and s.
9
Let n be (-2)/(2/1)*-4. Let h(r) = 10 - 4 - 1 - 9*r. Let x be h(-3). Calculate the highest common divisor of n and x.
4
Let p = -18 - -20. Let j be ((-1)/p)/((-5)/20). Suppose 0 = i - 0*i - j. What is the greatest common factor of 22 and i?
2
Let x(z) = z**2 - 7*z - 18. Let u be x(9